 -74. What is the highest common divisor of w and 40?
20
Let m be 4/(-3) + (-903)/(-9). What is the greatest common factor of m and 231?
33
Let m = -234 + 239. Suppose 4*a - 25 = j, 0*a - 4*a + 40 = -4*j. What is the greatest common divisor of a and m?
5
Suppose -45 = -5*a - 2*c, -3*a + 0*c = 3*c - 36. Let l(z) = -2*z + 15. Let r be l(a). What is the greatest common factor of r and 8?
1
Let d(y) = 3*y + 58. Let b be d(-12). What is the highest common factor of 198 and b?
22
Suppose -4*l + 7 = -4*s + 11, -2 = -s. What is the greatest common divisor of l and 49?
1
Suppose -6*q - 3*k = -q - 93, 4*q - 3*k = 96. Let u = 846 - 741. Calculate the greatest common factor of q and u.
21
Let j(s) = -49*s - 4. Let r be j(-1). What is the highest common divisor of 5 and r?
5
Let g be 5 - (0 - 10/(-5)). Suppose -5*j + 4*h = -9, j = -g*h + 5*h - 3. Let o = -25 - -35. What is the highest common divisor of o and j?
5
Suppose 39*f = 1854 + 1266. Let h = 31 + -21. Calculate the greatest common divisor of h and f.
10
Let j = 3 + 4. Suppose 43 = 2*w - 5*o + j, 3*w = 5*o + 44. Suppose 22 = 2*m - w. What is the greatest common factor of 105 and m?
15
Let h be 2 - 4/10 - 6/(-15). Suppose -5*b + h*m = -42, 0 = -3*b + b - m + 15. Calculate the highest common factor of 56 and b.
8
Let v be (39/(-12) - -3)/(((-22)/(-128))/(-11)). Suppose 0 = 2*h - 2*j - 234, -h - 5*j + j = -92. What is the highest common factor of h and v?
16
Suppose 0 = -5*r + 5*k + 100, 4*k - 40 = -2*r + 3*k. Let g be 3/(45/r)*(-6)/(-4). What is the greatest common divisor of 2 and g?
2
Suppose -6*y + 520 = -230. What is the greatest common divisor of 75 and y?
25
Let y = 8 + 112. What is the highest common divisor of y and 72?
24
Let i = 110 + -94. Let h(t) = -t**3 - 4*t**2 - t - 6. Suppose -w = 4*y + 15, -5*w = -2*y - w - 30. Let k be h(y). What is the highest common divisor of i and k?
8
Suppose 5*d + 35 = u, -5*u + 259 = -5*d + 8*d. Let n = 25 - 5. Calculate the highest common divisor of u and n.
10
Suppose 39 = 3*n + 12. Suppose n*j - 8*j = 3. Suppose l - 8*x + 3*x = -9, -3*l = -4*x + 5. Calculate the greatest common divisor of j and l.
1
Let b be (6762/490)/(6/10). What is the greatest common divisor of b and 4?
1
Let u(x) = 4*x**2 - 3*x - 3. Let i be u(-5). Suppose -4*s + i = 4*c, s + 3*c = -c + 40. Let a = s + 36. What is the greatest common factor of a and 12?
12
Let u(y) = -y**2 + 6*y + 2. Let g be u(5). Let p be (7/(-6 - 1))/(-1). Calculate the greatest common factor of g and p.
1
Suppose -5*i = g - 154, 5*i - 58 = -4*g + 108. Suppose 5*j - 26 + 0 = -3*h, 0 = 2*h + j - 22. Calculate the greatest common divisor of h and i.
6
Let a = 345 + -333. What is the greatest common factor of 9 and a?
3
Let t(p) = 4*p**3 + 6*p**2 - 4*p - 6. Let h be t(4). What is the greatest common divisor of h and 30?
30
Let i be (5 + -11 - 3)*-3. What is the greatest common divisor of i and 27?
27
Let m(x) = 2*x**2 + 9*x + 5. Let p be m(-4). Suppose j = 5 + p. Calculate the greatest common factor of 42 and j.
6
Let n be (3/(0 - 3) - 2) + 2. Let a be 4/n - (-125 + 1). Let v(f) = 15*f**3 - f + 1. Let s be v(1). What is the greatest common factor of a and s?
15
Let i(o) = -10*o + 67. Let j be i(6). Calculate the greatest common divisor of j and 91.
7
Let p = -40 + 67. Suppose 0*l = -g - l + 7, 2*g + 5*l = 23. Let k(y) = -y**2 + 7*y + 6. Let i be k(g). Calculate the highest common divisor of i and p.
9
Let m(c) = -c**2 - 7*c - 3. Let g be m(-5). Suppose -2*f + 4 = -6*f. Let z be (2 - 81)/f - 2. What is the highest common divisor of z and g?
7
Suppose -7644 = 5*q - 1204. Let p be q/(-42) + (-1)/(-3). What is the greatest common factor of p and 279?
31
Let u be 1*(2 + (-6)/3). Suppose u = 6*p + 17 - 83. What is the highest common divisor of 44 and p?
11
Suppose 13*m + 2262 = 26*m. What is the greatest common divisor of 6 and m?
6
Let y = -922 - -958. Calculate the greatest common factor of y and 45.
9
Let r be 308 + 14/(-63) + (-22)/(-18). Let o = 469 - r. Calculate the highest common factor of o and 32.
32
Suppose 0 = 12*b - 5*b. Suppose 4*o - o - 42 = b. What is the highest common factor of 56 and o?
14
Let l be (-252)/(-56)*(-1 - (-10)/6). Calculate the highest common divisor of l and 123.
3
Let t(p) = 957*p**2 + p. Let h be t(-1). Suppose -552 - h = -13*x. What is the highest common factor of x and 29?
29
Let y(k) = -k**3 - 5*k**2 + 7*k + 6. Let c be y(-6). Suppose -2*o + n + 8 = c, 3*o - 3*n = -0*o + 6. What is the highest common divisor of o and 3?
3
Let t(x) = 8 + 0*x + 0*x + x. Let o be t(-5). Suppose o*p + 2*n + 109 = 261, -2*p + 3*n = -110. Calculate the greatest common factor of p and 130.
26
Let l = 50 + -48. Let q be (-2 - -6) + 4 - l. Calculate the highest common divisor of 6 and q.
6
Suppose 5*n - n - 60 = 0. Let p(d) = 4*d**2 + 3*d - 1. Let i be 10*(-2 - (-36)/15). Let j be p(i). Calculate the highest common factor of n and j.
15
Let z(v) be the second derivative of -v**4/12 - 6*v**3 - 29*v**2 - v. Let r be z(-27). What is the highest common divisor of r and 74?
37
Suppose h + 7*h = 0. Suppose -3*k + d + 100 + 137 = h, 0 = -k + 4*d + 68. Calculate the greatest common divisor of k and 8.
8
Let l = -5 - -6. Suppose -s = 2*x - l, 5*x - s - 1 = -2*s. Suppose x*n - 4*n = -32. Calculate the highest common divisor of n and 56.
8
Let y = -79 - -99. What is the highest common divisor of 12 and y?
4
Let o(p) be the third derivative of p**6/60 - 7*p**5/60 + p**4/12 - 3*p**3/2 + 22*p**2. Let d be o(5). Calculate the greatest common divisor of d and 19.
19
Suppose 0 = 5*q - 0*q - 595. Let i(r) = -8*r - 143. Let k be i(-20). What is the highest common divisor of q and k?
17
Suppose 0 = 4*q, 0 = 5*t + 36*q - 39*q - 440. Calculate the highest common factor of t and 77.
11
Let x = 511 + -307. Calculate the highest common factor of x and 72.
12
Let a be (23/46)/((-2)/(-192)). Calculate the highest common divisor of 84 and a.
12
Let a = 62 - 34. Suppose 8 = -5*h + a. Suppose 102*n = 99*n + 84. Calculate the highest common factor of n and h.
4
Let l = 143 - 80. Calculate the greatest common factor of 63 and l.
63
Suppose f = 4*h - 10, -4 - 6 = -2*h. Let j = 2 + f. Let c = 1 - -5. Calculate the highest common divisor of c and j.
6
Suppose 34034 = 7*i + 6*i. Suppose 37*b + i = 44*b. What is the greatest common divisor of 34 and b?
34
Let i(y) = 35*y**2 + 32*y - 139. Let p be i(6). Calculate the greatest common divisor of p and 26.
13
Let s = 492 - 418. What is the highest common divisor of s and 481?
37
Let q(x) = 2*x - 8. Let p be q(4). Suppose m - o - 33 = -0*o, -4*m - 3*o + 153 = p. What is the highest common factor of 9 and m?
9
Let j = -63 - -383. What is the greatest common factor of 128 and j?
64
Suppose y + 4*m = 5, 0 = -y + 6*y - 3*m - 117. Suppose -5*n + 126 - y = 0. Calculate the highest common factor of n and 231.
21
Let f = 27 + -14. Let o(m) = m**2 + 5*m - 9. Let w be o(-6). Let q = 16 + w. What is the greatest common factor of f and q?
13
Suppose -83 = -3*v - 2. Let o be (v/(-15))/(2/(-20)). What is the highest common factor of o and 12?
6
Let p be 14 - 2 - (-1 - -7). Calculate the highest common divisor of p and 4.
2
Let p(q) = -q**2 - 10*q + 36. Let k(v) = v - 1. Let z(j) = -2*k(j) - p(j). Let o be z(-14). What is the highest common factor of o and 10?
10
Let d be 655/15 - 4*1/(-3). What is the greatest common factor of 405 and d?
45
Suppose 0*q + 54 = 3*q. Let i be (240/(-36))/((-4)/q). What is the greatest common divisor of 105 and i?
15
Let i = 265 + 219. What is the highest common factor of 44 and i?
44
Suppose -6*f + 5*f + 5 = 0. Suppose -2*w + f*w = 27. Let s = -5 + 6. What is the highest common factor of w and s?
1
Let v(n) = 6*n + 44. Let x be v(-11). Let k = 44 + x. Calculate the highest common divisor of k and 198.
22
Let g = 685 - 678. Calculate the highest common divisor of g and 791.
7
Let u(k) = -9*k + 14. Let o be u(-4). Let h = 66 - o. Calculate the greatest common factor of h and 8.
8
Let r(s) = 2*s + 2. Let q be r(-1). Suppose n + q*n - 4 = 0. Suppose k = -k + 64. What is the highest common divisor of k and n?
4
Let q be 16 - (-5 + (5 - 7)). Calculate the highest common factor of 759 and q.
23
Suppose 0 = 4*v - 2*c - 30, 3*c + 18 = -v + 4*v. Calculate the greatest common divisor of 963 and